 w(d) = -d**2 - 4*d + 3. Let g be w(-5). Let q be 365/25 + g/(-5). Let f be (-80)/12*(0 - 18). What is the greatest common divisor of f and q?
15
Let n be 1/(-4) - (-52)/16. Suppose -n*m + 0*m = -162. What is the highest common factor of m and 6?
6
Let t(x) = x**3 + 13*x**2 - 18*x + 3. Let d be t(-12). What is the highest common divisor of d and 33?
33
Let u(h) = -2*h - 3. Let x be u(-7). Calculate the highest common factor of x and 99.
11
Let i(d) = -d**2 - 6*d + 4. Suppose 4*a + 5*r + 8 = -6, -14 = a - 4*r. Let u be i(a). Calculate the highest common divisor of 36 and u.
4
Suppose -5*y + 5*u + 90 = 0, -3*y + 2*u = 4*u - 69. Suppose -l = -2*l + y. What is the highest common divisor of 3 and l?
3
Let k = 15 + -11. Calculate the greatest common factor of 12 and k.
4
Let p be 122/5 - (-4)/(-10). Suppose -2*c = -4*l - 36, -2*c - 5*l + l - 4 = 0. What is the highest common factor of p and c?
8
Suppose 5*j = -3*v + 26, 3*v = 5*v - 5*j + 16. Calculate the highest common divisor of 5 and v.
1
Let v be 0 + -2 + 24/4. Let d(c) = c + 1. Let g be d(v). What is the highest common factor of g and 40?
5
Suppose -8*q = -156 - 164. What is the highest common factor of 24 and q?
8
Let x(v) = v**3 - 10*v**2 + 9*v + 12. Let d be x(9). Suppose -5*a + 4*a + 14 = -3*l, -a + l + d = 0. What is the highest common divisor of 88 and a?
11
Suppose 8*s - 130 = 3*s. What is the highest common divisor of 234 and s?
26
Suppose 2*i = -3*i + 170. Suppose 2*h + 3*h = o + i, 3*h - 5*o - 38 = 0. Let f be 4/8*(h - 0). Calculate the greatest common divisor of 9 and f.
3
Let g(i) = -i**2 + 13*i + 18. Let j be g(12). What is the highest common factor of j and 12?
6
Suppose 38 = 2*d - 2*t, 3*d - t - 59 = -0*d. Let v(a) = -43*a + 2. Let h be v(2). Let x be h/(-10) - 8/20. Calculate the greatest common factor of x and d.
4
Let s(h) = -h + 7. Let o be s(-4). Calculate the greatest common divisor of 44 and o.
11
Let i = 80 + -57. What is the greatest common factor of 92 and i?
23
Suppose 4*v + 3*r - 123 = 0, -r - 135 = -3*v - v. What is the greatest common factor of 3 and v?
3
Let x be -1*(-2)/1*5. What is the greatest common divisor of x and 70?
10
Suppose 3*h + 290 = -2*h. Let a = h - -148. What is the greatest common divisor of 18 and a?
18
Let a(c) = 3*c**2 - 3*c - 4. Let z be a(5). Let f = 3 + 9. Let q = f + -5. Calculate the greatest common divisor of z and q.
7
Let s be (-12)/4 + 3 - (-6 - 0). Calculate the highest common factor of s and 30.
6
Let b be (10/4 + -1)*2. Suppose -b = 4*y - 27. What is the greatest common factor of y and 66?
6
Let k(l) = -4*l + 12. Let o(t) = 4*t - 13. Let r(n) = 5*k(n) + 4*o(n). Let u be r(-8). Calculate the greatest common divisor of 5 and u.
5
Let j(u) = u**3 - 3*u + 3. Let m be j(2). Suppose -77 = -m*r + 13. What is the highest common factor of 2 and r?
2
Suppose 0 = -5*t + 19 + 31. Let r = -848 - -2504. Let b be 4/(-10) + r/15. What is the greatest common factor of b and t?
10
Let b = -18 + 31. Let v = b + 1. Calculate the highest common factor of 70 and v.
14
Suppose 5*h - 14 = 1. Suppose h*l - 16 = -l. Let b(o) = o**3 + 8*o**2 + 4*o + 7. Let v be b(-7). What is the highest common divisor of l and v?
4
Let c(o) = o + 5. Let d be c(0). Suppose -3*m + d*m = 32. What is the greatest common factor of 16 and m?
16
Suppose -3*c = -5*l - 363, 44 = c + 3*l - 77. Calculate the highest common divisor of c and 11.
11
Suppose 12 = 4*w - 2*a, -w - 10 = w - 5*a. Suppose 0 = -4*h - 2*j + 26, -6*h + w*j = -4*h - 19. What is the highest common factor of h and 35?
7
Let s(j) = -j**2 + 12*j + 20. Let v be s(10). Calculate the greatest common factor of v and 8.
8
Let z be (-4)/(-6) - 1262/(-6). Suppose 5*x = z - 61. What is the greatest common factor of x and 12?
6
Let v be (-16)/20*(-10)/(-2). Let u = -2 - v. Suppose u*x = -2*x + 96. What is the highest common divisor of 3 and x?
3
Let p be 120/21 + (-12)/(-42). Calculate the greatest common factor of 54 and p.
6
Let p be ((-264)/4)/(2*1/(-2)). What is the greatest common divisor of p and 6?
6
Let y be (0 - (-3 - -2)) + 2. Suppose 3*g = y*r - 72, -r = r - 5*g - 36. What is the greatest common factor of r and 56?
28
Let s = -22 + 36. Suppose 5*d - 64 = -2*n - s, -4*n = -4*d + 12. Suppose -1 = w, 5*g - 3*w - 15 = 2*w. What is the greatest common divisor of d and g?
2
Let w(i) = i**3 + 5*i**2 - 8*i - 3. Let f be w(-6). Let s be (-1 - 0)*36*-1. Calculate the greatest common divisor of s and f.
9
Let m be ((-6)/(-10))/((-3)/(-90)). Calculate the greatest common divisor of 54 and m.
18
Suppose -3*f + 4*q = -0*f - 14, 7 = 2*f - 5*q. What is the highest common divisor of 15 and f?
3
Let i be ((-8)/(-14))/(8/84). Calculate the greatest common factor of i and 4.
2
Let q(w) = -w**3 - 2*w + 72. Let m be q(0). Calculate the greatest common factor of 48 and m.
24
Let r = 5 - -1. Suppose 8 - r = z. Calculate the highest common factor of 6 and z.
2
Let f(m) = -m**3 + m**2 - 2*m + 153. Let i be f(0). Let s = 52 + -35. What is the highest common divisor of i and s?
17
Let n be (-12)/8*(1 - 3). Suppose n*g + 4*v - 179 = 0, -5*v - 58 = 3*g - 239. What is the greatest common divisor of g and 38?
19
Let x(w) = 4*w + 15*w**2 + 2*w - 5*w. Let d be (-2)/(-6) + 4/(-3). Let k be x(d). What is the highest common factor of k and 98?
14
Suppose 0 = -4*k, d + 3*k - 30 = -2*d. Calculate the greatest common divisor of 10 and d.
10
Let a(f) = 2*f. Let l be (-6)/(-2) - 2/(-1). Let n be a(l). Calculate the highest common factor of n and 5.
5
Suppose -58*k - 2655 = -63*k. What is the greatest common divisor of k and 59?
59
Let z be ((-78)/(-8))/((-1)/(-4)). Calculate the highest common factor of z and 26.
13
Let z(a) = -a**2 + 9*a. Suppose 329 = -w - 0*w. Let i be w/(-49) + (-4)/(-14). Let h be z(i). What is the greatest common factor of 154 and h?
14
Let b(n) = n**3 + 6*n**2 + 7*n + 6. Let t be b(-4). What is the greatest common factor of 15 and t?
5
Suppose 935 = -5*m + 3295. Suppose -5*j = -m + 37. Calculate the highest common divisor of 58 and j.
29
Let a be 12 - -1*(4 - 3). Let i = 21 - a. What is the greatest common divisor of i and 12?
4
Let h(z) = -z - 2. Let o be h(-6). Calculate the highest common factor of o and 20.
4
Suppose -a = -4*a - 3*s + 72, 3*a = 2*s + 92. Suppose 0 = 3*y + y - a. Let f be (-2)/(-7) - (-12)/y. Calculate the highest common divisor of f and 16.
2
Let w be 6/(-4)*(0 - 2). Suppose 2*o - 30 = -5*v, -v + 3*o = 2*v + w. Suppose 3*a - 43 = -2*t, 26 = t + 2*a + 4. Calculate the highest common factor of t and v.
4
Suppose -12 = 2*g - 5*z - 111, -g - 5*z + 27 = 0. What is the greatest common divisor of 105 and g?
21
Suppose 2*a - 204 + 48 = 0. Calculate the highest common factor of a and 117.
39
Let f be 9*((-3 - -5) + -1). Let b be (-4)/10*(-1 - f). Let u = 0 - -1. What is the greatest common factor of u and b?
1
Let r(m) = 16*m**2 + m. Let q be r(-1). Let z = 215 + -143. Let f = z + -12. Calculate the highest common divisor of q and f.
15
Suppose -3*f + 4*f - 3*y = 84, -3*f + 274 = 2*y. Calculate the highest common divisor of 30 and f.
30
Suppose -4*r = -5*r + 9. Let i(p) = p**2 - 8*p. Let c be i(r). What is the highest common divisor of c and 36?
9
Let s(b) = b**2 + 5*b - 8. Let g be s(-7). What is the greatest common factor of 15 and g?
3
Let t(v) = -v**3 - 6*v**2 - 18. Let h be t(-9). What is the highest common factor of 25 and h?
25
Suppose 96 = 7*r - 3*r. Suppose 240 = 4*w - 0*w. Calculate the highest common divisor of w and r.
12
Let n be (-32)/(-20)*(30/4)/3. Let p be 1 + (2 - (-1 - -2)). Calculate the highest common divisor of p and n.
2
Suppose -1 = -0*c + c + 5*n, c + n = 7. What is the greatest common divisor of c and 3?
3
Suppose 5 = 2*l - 29. What is the highest common divisor of l and 17?
17
Suppose -5*r - 2*f + 160 = 0, r = -5*f - 5 + 60. What is the highest common factor of r and 15?
15
Let u(o) = -32*o**3 - o**2 - o. Suppose 0 = 2*t + 3 - 1. Let v be u(t). What is the highest common factor of 16 and v?
16
Suppose v = 5*k - 1, -2*k + 7*k - 4*v = 4. Suppose 4*j = -k*j + 24. Let t = 22 - 10. Calculate the greatest common factor of t and j.
6
Let w = 51 - 29. Let l = -14 + w. What is the greatest common factor of 8 and l?
8
Let y be ((-2)/2)/(-1) + 31. Suppose 0 = 2*b - 3*i - y, -b + 2*i + 28 = b. Suppose -4